{"id":10,"date":"2024-05-29T21:37:47","date_gmt":"2024-05-29T21:37:47","guid":{"rendered":"https:\/\/www.drluiseduardoalmeida.com.br\/site\/?page_id=10"},"modified":"2024-11-26T14:24:59","modified_gmt":"2024-11-26T17:24:59","slug":"inicio","status":"publish","type":"page","link":"https:\/\/www.drluiseduardoalmeida.com.br\/site\/","title":{"rendered":"In\u00edcio"},"content":{"rendered":"<div style=\"display: none;\">\n<p>Urologista Passo Fundo RS: Cuide da Sua Sa\u00fade Urol\u00f3gicaSe voc\u00ea est\u00e1 em Passo Fundo e precisa de cuidados especializados, consultar um urologista \u00e9 essencial. Esse profissional \u00e9 respons\u00e1vel pelo diagn\u00f3stico e tratamento de doen\u00e7as do sistema urin\u00e1rio e do sistema reprodutor masculino, garantindo uma abordagem integral \u00e0 sua sa\u00fade.<\/p>\n<p>Por Que Consultar um Urologista em Passo Fundo?<\/p>\n<p>A sa\u00fade urol\u00f3gica \u00e9 crucial para o bem-estar geral. Em Passo Fundo, urologistas experientes oferecem servi\u00e7os de qualidade, abordando condi\u00e7\u00f5es como infec\u00e7\u00f5es urin\u00e1rias, c\u00e1lculos renais, disfun\u00e7\u00e3o er\u00e9til e problemas da pr\u00f3stata. Consultas regulares ajudam na detec\u00e7\u00e3o precoce de doen\u00e7as, permitindo interven\u00e7\u00f5es eficazes.<\/p>\n<p>Quando \u00e9 Hora de Procurar um Urologista?<\/p>\n<p>\u00c9 recomend\u00e1vel agendar uma consulta com um urologista se voc\u00ea apresentar sintomas como dor ao urinar, sangue na urina, dor abdominal ou altera\u00e7\u00f5es nos h\u00e1bitos urin\u00e1rios. Homens acima de 50 anos devem realizar exames de rotina para monitorar a sa\u00fade prost\u00e1tica.<\/p>\n<p>Tratamentos Dispon\u00edveis<\/p>\n<p>Os urologistas em Passo Fundo oferecem uma gama de tratamentos, que incluem:<\/p>\n<p>&#8211; Terapias medicamentosas<br \/>\n&#8211; Cirurgias minimamente invasivas<br \/>\n&#8211; Exames preventivos<\/p>\n<p>Esses servi\u00e7os s\u00e3o fundamentais para garantir a sa\u00fade e a qualidade de vida.<\/p>\n<p>Conclus\u00e3o<\/p>\n<p>Se voc\u00ea est\u00e1 em Passo Fundo e precisa de cuidados urol\u00f3gicos, n\u00e3o hesite em marcar uma consulta. A sa\u00fade \u00e9 um investimento e procurar um especialista \u00e9 o primeiro passo para uma vida saud\u00e1vel e plena.<\/p>\n<\/div>\n<div style=\"display: none;\">\n<p>urologista passo fundo urologia passo fundo, luis em passo fundo, medico, Passo Fundo RS, medico e urologista masculino passo fundo<\/p>\n<h1>medico em Passo Fundo,\u00a0luis passo fundo, urologia passo fundo,<\/h1>\n<h2>medico em passo fundo, urologista passo fundo e regi\u00e3o, urologia passo fundo em passo fundo, medico venda luis urologista masculino passo fundo, urologista em passo fundo rs, medico, para passo fundo e regi\u00e3o, medico para passo fundo e regi\u00e3o\u00a0urologista urologista urologista masculino passo fundo de medico em passo fundo, urologista passo fundo e regi\u00e3o, urologia passo fundo em passo fundo, medico venda luis urologista masculino passo fundo, urologista em passo fundo rs, medico,<a title=\"urologista urologista urologista masculino passo fundo de medico em passo fundo, urologista passo fundo e regi\u00e3o, urologia passo fundo em passo fundo, medico venda luis urologista masculino passo fundo, urologista em passo fundo rs, medico, para passo fundo e regi\u00e3o, medico para passo fundo e regi\u00e3o\" href=\"https:\/\/www.drluiseduardoalmeida.com.br\">para passo fundo e regi\u00e3o, medico para passo fundo e regi\u00e3o\u00a0urologista urologista urologista masculino passo fundo de medico em passo fundo, urologista passo fundo e regi\u00e3o, urologia passo fundo em passo fundo, medico venda luis urologista masculino passo fundo, urologista em passo fundo rs, medico<\/a>, para passo fundo e regi\u00e3o, medico para passo fundo e regi\u00e3o\u00a0urologista urologista urologista masculino passo fundo de medico em passo fundo, urologista passo fundo e regi\u00e3o, urologia passo fundo em passo fundo, medico venda luis urologista masculino passo fundo, urologista em passo fundo rs, medico, para passo fundo e regi\u00e3o, medico para passo fundo e regi\u00e3o\u00a0urologista urologista urologista masculino passo fundo de medico em passo fundo, urologista passo fundo e regi\u00e3o, urologia passo fundo em passo fundo, medico venda luis urologista masculino passo fundo, urologista em passo fundo rs, medico, para passo fundo e regi\u00e3o,<a title=\"urologista urologista urologista masculino passo fundo de medico em passo fundo, urologista passo fundo e regi\u00e3o, urologia passo fundo em passo fundo, medico venda luis urologista masculino passo fundo, urologista em passo fundo rs, medico, para passo fundo e regi\u00e3o, medico para passo fundo e regi\u00e3o\" href=\"https:\/\/www.drluiseduardoalmeida.com.br\/site\">medico para passo fundo e regi\u00e3o\u00a0urologista urologista urologista masculino passo fundo de medico em passo fundo, urologista passo fundo e regi\u00e3o, cria\u00e7\u00e3o de sit<\/a>es em passo fundo, medico venda luis urologista masculino passo fundo, urologista em passo fundo rs, medico, para passo fundo e regi\u00e3o, medico para passo fundo e regi\u00e3o<\/h2>\n<div id=\"attachment_747\" style=\"width: 353px\" class=\"wp-caption aligncenter\"><a href=\"https:\/\/www.drluiseduardoalmeida.com.br\/site\/wp-content\/uploads\/2013\/06\/per\u00edcia-m\u00e9dica-passo-fundo-rs.jpg\"><img decoding=\"async\" aria-describedby=\"caption-attachment-747\" class=\"size-full wp-image-747 \" title=\"urologista urologista urologista masculino passo fundo de medico em Passo Fundo\" src=\"https:\/\/www.drluiseduardoalmeida.com.br\/site\/wp-content\/uploads\/2013\/06\/per\u00edcia-m\u00e9dica-passo-fundo-rs.jpg\" alt=\"urologista urologista urologista masculino passo fundo de medico em Passo Fundo\" width=\"343\" height=\"300\"  loading=\"lazy\" \/><\/a><p id=\"caption-attachment-747\" class=\"wp-caption-text\">urologista urologista urologista masculino passo fundo de medico em Passo Fundo<\/p><\/div>\n<\/div>\n","protected":false},"excerpt":{"rendered":"<p>Urologista Passo Fundo RS: Cuide da Sua Sa\u00fade Urol\u00f3gicaSe voc\u00ea est\u00e1 em Passo Fundo e [&hellip;]<\/p>\n","protected":false},"author":1,"featured_media":0,"parent":0,"menu_order":0,"comment_status":"closed","ping_status":"closed","template":"template-inicio.php","meta":{"footnotes":""},"class_list":["post-10","page","type-page","status-publish","hentry"],"_links":{"self":[{"href":"https:\/\/www.drluiseduardoalmeida.com.br\/site\/wp-json\/wp\/v2\/pages\/10"}],"collection":[{"href":"https:\/\/www.drluiseduardoalmeida.com.br\/site\/wp-json\/wp\/v2\/pages"}],"about":[{"href":"https:\/\/www.drluiseduardoalmeida.com.br\/site\/wp-json\/wp\/v2\/types\/page"}],"author":[{"embeddable":true,"href":"https:\/\/www.drluiseduardoalmeida.com.br\/site\/wp-json\/wp\/v2\/users\/1"}],"replies":[{"embeddable":true,"href":"https:\/\/www.drluiseduardoalmeida.com.br\/site\/wp-json\/wp\/v2\/comments?post=10"}],"version-history":[{"count":21,"href":"https:\/\/www.drluiseduardoalmeida.com.br\/site\/wp-json\/wp\/v2\/pages\/10\/revisions"}],"predecessor-version":[{"id":90,"href":"https:\/\/www.drluiseduardoalmeida.com.br\/site\/wp-json\/wp\/v2\/pages\/10\/revisions\/90"}],"wp:attachment":[{"href":"https:\/\/www.drluiseduardoalmeida.com.br\/site\/wp-json\/wp\/v2\/media?parent=10"}],"curies":[{"name":"wp","href":"https:\/\/api.w.org\/{rel}","templated":true}]}}